{"id":309,"date":"2020-05-04T12:17:09","date_gmt":"2020-05-04T10:17:09","guid":{"rendered":"http:\/\/www.musicalprojekt-neunkirchen.de\/?page_id=309"},"modified":"2020-05-04T12:17:15","modified_gmt":"2020-05-04T10:17:15","slug":"matthias-stockinger-2","status":"publish","type":"page","link":"https:\/\/www.musicalprojekt-neunkirchen.de\/index.php\/matthias-stockinger-2\/","title":{"rendered":"Matthias Stockinger"},"content":{"rendered":"<p>[et_pb_section fb_built=&#8221;1&#8243; fullwidth=&#8221;on&#8221; _builder_version=&#8221;3.22.3&#8243; background_color=&#8221;#3f3f3f&#8221;][et_pb_fullwidth_menu _builder_version=&#8221;3.20.2&#8243; menu_font=&#8221;Actor|||||on|||&#8221; menu_text_color=&#8221;#ffffff&#8221; menu_font_size=&#8221;15px&#8221; background_color=&#8221;#53070d&#8221; menu_text_shadow_style=&#8221;preset1&#8243;][\/et_pb_fullwidth_menu][\/et_pb_section][et_pb_section fb_built=&#8221;1&#8243; fullwidth=&#8221;on&#8221; _builder_version=&#8221;3.22.7&#8243;][et_pb_fullwidth_header _builder_version=&#8221;3.21.1&#8243; content_line_height=&#8221;1em&#8221; background_color=&#8221;#ffffff&#8221; background_image=&#8221;http:\/\/wordpress.stumm-musical.de\/wp-content\/uploads\/2019\/03\/20190314-Header.png&#8221; max_width=&#8221;100%&#8221; global_module=&#8221;109&#8243;]<\/p>\n<p>&nbsp;<\/p>\n<p>&nbsp;<\/p>\n<p>&nbsp;<\/p>\n<p>&nbsp;<\/p>\n<p>[\/et_pb_fullwidth_header][\/et_pb_section][et_pb_section fb_built=&#8221;1&#8243; _builder_version=&#8221;3.22.3&#8243; custom_padding=&#8221;0px|||||&#8221;][et_pb_row _builder_version=&#8221;3.25&#8243;][et_pb_column type=&#8221;4_4&#8243; _builder_version=&#8221;3.25&#8243; custom_padding=&#8221;|||&#8221; custom_padding__hover=&#8221;|||&#8221;][et_pb_team_member name=&#8221;Matthias Stockinger&#8221; image_url=&#8221;http:\/\/wordpress.stumm-musical.de\/wp-content\/uploads\/Portraits\/Matthias-Stockinger.png&#8221; _builder_version=&#8221;4.4.5&#8243; hover_enabled=&#8221;0&#8243;]<\/p>\n<p>Der geb\u00fcrtige Saarl\u00e4nder, absolvierte sein Studium in Gesang und Schauspiel an der Folkwang-Hochschule in Essen. In dieser Zeit spielte er u.a. Oscar d`Armano in THE WILD PARTY und Thomas Parker in BAT BOY. Noch w\u00e4hrend seines Studiums entwickelte und spielte er in der Urauff\u00fchrung der Kammeroper BORROWED LIVES die m\u00e4nnliche Hauptrolle ER. Zu seinen weiteren fr\u00fchen B\u00fchnenstationen geh\u00f6rt das Schauspielhaus D\u00fcsseldorf, wo er den Johnny in NELLIE GOODBYE spielte. F\u00fcr diese Inszenierung schrieb er auch die Musik.<\/p>\n<p>Matthias Stockinger geh\u00f6rte zur Premierenbesetzung von Roman Polanskis TANZ DER VAMPIRE in Berlin, Oberhausen und Stuttgart und spielte sowohl den verschlagenen Wirt Chagal, als auch den tragischen Vampirgrafen von Krolock.<\/p>\n<p>Er gastierte an Stadt- und Staatstheatern in Rollen wie Ltd. Joseph Cable in SOUTH PACIFIC, Erich Littnauer in GRAND HOTEL, Radames in Elton John`s AIDA, Che in EVITA, Benny in RENT, Berger in HAIR, Sancho Pansa in DER MANN VON LA MANCHA.<\/p>\n<p>Im Sommer 2011 entwickelte und spielte er als Premierenbesetzung die Rolle K\u00f6nig Ludwig II. in der Neuinszenierung des Musicals LUDWIG<sup>2<\/sup> und ist auch auf der erschienen CD-Aufnahme in der Titelrolle zu h\u00f6ren.<\/p>\n<p>Im deutschsprachigen Ausland war Matthias Stockinger am Wiener Raimund Theater als Frith in REBECCA und bei den Thuner Seespielen in WEST SIDE STORY zu erleben. In Innsbruck kreierte und spielte er die Rolle des Bassanio in der Weltpremiere von SHylOCK! von Brigitte Fassbaender und Stephan Kanyar. Auf der Original Cast Live-CD zu dieser Produktion ist er ebenfalls als Bassanio zu h\u00f6ren.<\/p>\n<p>Von 2012 bis 2014 spielte Matthias fest im Schauspielensemble des Theater Trier und war dort u.a. in folgenden Hauptrollen zu sehen: Che in EVITA, Johannes Pinneberg in KLEINER MANN, WAS NUN?, DJ Ickarus in BERLIN CALLING, blinder Seher\/Jelinek in Jelineks ABER SICHER!, Theo Lingen (jung) in THEO LINGEN \u2013 KOMIKER AUS VERSEHEN, Valerio in LEONCE UND LENA und H\u00e9rault-S\u00e9chelles in DANTONS TOD.<\/p>\n<p>Seit Sommer 2016 ist Matthias Stockinger regelm\u00e4\u00dfig im Ludwigs Festspielhaus in F\u00fcssen zu erleben, zum einen mit seiner Interpretation der Titelrolle Ludwig II. in dem Musical LUDWIG<sup>2<\/sup> und 2017 auch erstmalig als Theseus\/Oberon in Heinz-Rudolf Kunzes EIN SOMMERNACHSTRAUM. <span class=\"Apple-converted-space\">\u00a0<\/span><\/p>\n<p>Im Rahmen der Urauff\u00fchrung der erfolgreichen Neuinszenierung des Musicals DIE<span class=\"Apple-converted-space\">\u00a0<\/span>P\u00c4PSTIN im Dezember 2017 in Neunkirchen, erarbeitete er gemeinsam mit Regisseur Benjamin Sahler seine Interpretation des Gerold und war zudem die Premierenbesetzung in dieser Rolle. In 2019 verk\u00f6rpert er Gerold auch in F\u00fcssen und Stuttgart.<\/p>\n<p>Matthias Stockinger ist deutschlandweit ein gefragter Gala- und Konzerts\u00e4nger. Mit seiner eigenen Konzertreihe FACE TO FACE, sowie den fremdproduzierten Konzertformaten MUSICALS IN CONCERT und MERCI UDO (eine Hommage an Udo J\u00fcrgens) war er bis 2018 \u00fcber mehrere Jahre auf Tour.<\/p>\n<p>Seit einigen Jahren ist Matthias Stockinger auch als Regisseur t\u00e4tig und inszeniert erfolgreich u.a. das j\u00e4hrlich stattfindende, soziokulturelle Musical-Gro\u00dfprojekt seiner Heimatstadt Neunkirchen \u2013 in den letzten Jahren waren das die Musicals STUMM und THE PRODUCERS. Im Jahr 2019 inszeniert er die Urauff\u00fchrung des Musical \u201eMEINE HERREN UND DAMEN: MARIE!\u201c \u00fcber das Leben und Schaffen der<span class=\"Apple-converted-space\">\u00a0<\/span>ersten Frau, die in einem deutschen Parlament sprechen durfte.<\/p>\n<p><i>Mehr Infos unter<span class=\"Apple-converted-space\">\u00a0<\/span><\/i><a href=\"http:\/\/www.matthias-stockinger.de\" target=\"_blank\" rel=\"noopener noreferrer\"><i>www.matthias-stockinger.de<\/i><\/a><\/p>\n<p>[\/et_pb_team_member][\/et_pb_column][\/et_pb_row][\/et_pb_section][et_pb_section fb_built=&#8221;1&#8243; fullwidth=&#8221;on&#8221; _builder_version=&#8221;3.22.7&#8243;][et_pb_fullwidth_image src=&#8221;https:\/\/www.musicalprojekt-neunkirchen.de\/wp-content\/uploads\/2019\/08\/Footer_Sponsoren_v3.png&#8221; _builder_version=&#8221;3.27.3&#8243; global_module=&#8221;111&#8243;][\/et_pb_fullwidth_image][\/et_pb_section]<\/p>\n","protected":false},"excerpt":{"rendered":"<p>&nbsp; &nbsp; &nbsp; &nbsp; Der geb\u00fcrtige Saarl\u00e4nder, absolvierte sein Studium in Gesang und Schauspiel an der Folkwang-Hochschule in Essen. In dieser Zeit spielte er u.a. Oscar d`Armano in THE WILD PARTY und Thomas Parker in BAT BOY. Noch w\u00e4hrend seines Studiums entwickelte und spielte er in der Urauff\u00fchrung der Kammeroper BORROWED LIVES die m\u00e4nnliche Hauptrolle [&hellip;]<\/p>\n","protected":false},"author":1,"featured_media":0,"parent":0,"menu_order":0,"comment_status":"closed","ping_status":"closed","template":"","meta":{"_et_pb_use_builder":"on","_et_pb_old_content":"","_et_gb_content_width":"","footnotes":""},"class_list":["post-309","page","type-page","status-publish","hentry"],"_links":{"self":[{"href":"https:\/\/www.musicalprojekt-neunkirchen.de\/index.php\/wp-json\/wp\/v2\/pages\/309","targetHints":{"allow":["GET"]}}],"collection":[{"href":"https:\/\/www.musicalprojekt-neunkirchen.de\/index.php\/wp-json\/wp\/v2\/pages"}],"about":[{"href":"https:\/\/www.musicalprojekt-neunkirchen.de\/index.php\/wp-json\/wp\/v2\/types\/page"}],"author":[{"embeddable":true,"href":"https:\/\/www.musicalprojekt-neunkirchen.de\/index.php\/wp-json\/wp\/v2\/users\/1"}],"replies":[{"embeddable":true,"href":"https:\/\/www.musicalprojekt-neunkirchen.de\/index.php\/wp-json\/wp\/v2\/comments?post=309"}],"version-history":[{"count":3,"href":"https:\/\/www.musicalprojekt-neunkirchen.de\/index.php\/wp-json\/wp\/v2\/pages\/309\/revisions"}],"predecessor-version":[{"id":313,"href":"https:\/\/www.musicalprojekt-neunkirchen.de\/index.php\/wp-json\/wp\/v2\/pages\/309\/revisions\/313"}],"wp:attachment":[{"href":"https:\/\/www.musicalprojekt-neunkirchen.de\/index.php\/wp-json\/wp\/v2\/media?parent=309"}],"curies":[{"name":"wp","href":"https:\/\/api.w.org\/{rel}","templated":true}]}}